{"id":954,"date":"2023-12-18T09:17:56","date_gmt":"2023-12-18T08:17:56","guid":{"rendered":"https:\/\/www.manufakturaturystyki.pl\/?page_id=954"},"modified":"2026-01-09T17:31:26","modified_gmt":"2026-01-09T16:31:26","slug":"doswiadczenie","status":"publish","type":"page","link":"https:\/\/www.manufakturaturystyki.pl\/index.php\/doswiadczenie\/","title":{"rendered":"Do\u015bwiadczenie"},"content":{"rendered":"\n<h4 class=\"wp-block-heading\"><span style=\"color: #cc6f3c;\" class=\"stk-highlight\">Wykonane przez nas szlaki turystyczne:<\/span><\/h4>\n\n\n\n<p><strong>2025:<\/strong><\/p>\n\n\n\n<p>Inwentaryzacja oznakowania szlak\u00f3w rowerowych w gminie Krynice (powiat tomaszowski)<\/p>\n\n\n\n<p>Przegl\u0105d oraz odnowienie oznakowania szlak\u00f3w rowerowych w gminie Garb\u00f3w (powiat lubelski)<\/p>\n\n\n\n<p>Inwentaryzacja oznakowania turystycznego w gminie Bychawa (powiat lubelski)<\/p>\n\n\n\n<p>Przegl\u0105d oraz odnowienie oznakowania szlak\u00f3w rowerowych w gminie \u0141uk\u00f3w (powiat \u0142ukowski)<\/p>\n\n\n\n<p>Aktualizacja kosztorys\u00f3w dla Partnerstwa Zielona Brama Roztocza<\/p>\n\n\n\n<p><strong>2024:<\/strong><\/p>\n\n\n\n<p>Oznakowanie szlaku rowerowego na terenie LGD Ziemi Kra\u015bnickiej<\/p>\n\n\n\n<p>Opracowanie projektu sta\u0142ej organizacji ruchu dla szlaku rowerowego na terenie LGD Ziemi Kra\u015bnickiej (powiat kra\u015bnicki)<\/p>\n\n\n\n<p>Naprawa oznakowania szlak\u00f3w rowerowych w gminie Jan\u00f3w Lubelski<\/p>\n\n\n\n<p>Projekt szlak\u00f3w rowerowych na terenie gminy Rejowiec Fabryczny<\/p>\n\n\n\n<p>Wyznaczenie szlaku rowerowego w Gminie U\u0142\u0119\u017c (powiat rycki)<\/p>\n\n\n\n<p>Aktualizacja projektu szlak\u00f3w rowerowych na terenie gminy Rejowiec Fabryczny<\/p>\n\n\n\n<p>Opracowanie koncepcji szlak\u00f3w rowerowych na obszarze Lokalnej Grupy Dzia\u0142ania &#8222;Lepsza Przysz\u0142o\u015b\u0107 Ziemi Ryckiej&#8221; z Ryk<\/p>\n\n\n\n<p><strong>2023:<\/strong><\/p>\n\n\n\n<p>Oznakowanie szlak\u00f3w rowerowych w gminie Mi\u0105czyn (powiat zamojski)<\/p>\n\n\n\n<p>Dokumentacja projektowa szlak\u00f3w rowerowych oraz inwentaryzacja obiekt\u00f3w ma\u0142ej infrastruktury turystycznej dla Partnerstwa Zielona Brama Roztocza (gminy: Dzwola, Godzisz\u00f3w, Jan\u00f3w Lubelski, Modliborzyce)<\/p>\n\n\n\n<p><strong>2022:<\/strong><\/p>\n\n\n\n<p>Przegl\u0105d i odnowienie oznakowania szlak\u00f3w rowerowych w gminie Jab\u0142onna<\/p>\n\n\n\n<p>Oznakowanie &#8222;Szlaku Jastrz\u0119biego&#8221; na terenie gmin Na\u0142\u0119cz\u00f3w, W\u0105wolnica i Wojciech\u00f3w<\/p>\n\n\n\n<p>Projekt szlak\u00f3w (w tym projekt organizacji ruchu) w gminie Mi\u0105czyn (powiat zamojski)<\/p>\n\n\n\n<p>Koncepcja szlak\u00f3w rowerowych Lokalnej Grupy Dzia\u0142ania na rzecz Rozwoju Gmin Powiatu Lubelskiego &#8222;Kraina wok\u00f3\u0142 Lublina&#8221; (gminy: Be\u0142\u017cyce, Strzy\u017cewice, W\u00f3lka, Zakrzew)<\/p>\n\n\n\n<p><strong>2021:<\/strong><\/p>\n\n\n\n<p>Inwentaryzacja i diagnoza potencja\u0142u turystycznego Lokalnej Grupy dzia\u0142ania Ziemi Kra\u015bnickiej (powiat kra\u015bnicki)<\/p>\n\n\n\n<p>Projekt organizacji ruchu oraz oznakowanie szlak\u00f3w rowerowych w gminie Kamie\u0144<\/p>\n\n\n\n<p>Koncepcja szlak\u00f3w rowerowych w gminie Rejowiec Fabryczny (powiat che\u0142mski)<\/p>\n\n\n\n<p>Koncepcja szlak\u00f3w rowerowych w gminie Kamie\u0144 (powiat che\u0142mski)<\/p>\n\n\n\n<p>Oznakowanie szlak\u00f3w rowerowych w gminie Niemce<\/p>\n\n\n\n<p><strong>2020:<\/strong><\/p>\n\n\n\n<p>Aktualizacja koncepcji i przegl\u0105d szlak\u00f3w rowerowych w gminie Niemce (powiat lubelski)<\/p>\n\n\n\n<p>Projekt sta\u0142ej organizacji ruchu dla rowerowego szlaku truskawkowego w gminie Pu\u0142awy<\/p>\n\n\n\n<p>Koncepcja szlak\u00f3w rowerowych w gminie Wysokie (powiat lubelski)<\/p>\n\n\n\n<p>Koncepcja szlak\u00f3w rowerowych w gminie Mi\u0105czyn (powiat zamojski)<\/p>\n\n\n\n<p>Projekt i wykonanie oznakowania znakami E-10 miejsc atrakcyjnych turystycznie przy szlakach rowerowych gminy \u0141uk\u00f3w<\/p>\n\n\n\n<p>Inwentaryzacja oraz odnowienie szlak\u00f3w rowerowych w gminie Pu\u0142awy<\/p>\n\n\n\n<p>Oznakowanie miejsc atrakcyjnych turystycznie na terenie gminy Wysokie (powiat lubelski)<\/p>\n\n\n\n<p><strong>2019:<\/strong><\/p>\n\n\n\n<p>Przegl\u0105d szlak\u00f3w rowerowych w gminie Nowodw\u00f3r (powiat rycki)<\/p>\n\n\n\n<p>Oznakowanie schematami wykonanymi grawerem szlaku na obszarze powiatu krasnostawskiego oraz wydanie mapy tego terenu<\/p>\n\n\n\n<p>Oznakowanie szlak\u00f3w oraz miejsc atrakcyjnych turystycznie w gminie Jab\u0142onna (powiat lubelski)<\/p>\n\n\n\n<p>Odnowienie szlak\u00f3w w gminie \u0141uk\u00f3w<\/p>\n\n\n\n<p>Projekt szlak\u00f3w rowerowych w gminie Jab\u0142onna (powiat lubelski)<\/p>\n\n\n\n<p><strong>2018:<\/strong><\/p>\n\n\n\n<p>Projekt lokalizacji tablic na szlaku w powiecie krasnostawskim<\/p>\n\n\n\n<p>Odnowienie szlak\u00f3w w gminie Garb\u00f3w (powiat lubelski)<\/p>\n\n\n\n<p>Wykonanie szlak\u00f3w w gminie Czemierniki (powiat radzy\u0144ski)<\/p>\n\n\n\n<p>Wykonanie szlak\u00f3w rowerowych w gminie \u0141abunie (powiat zamojski)<\/p>\n\n\n\n<p>Oznakowanie szlaku rowerowego &#8222;Dolin\u0105 Ty\u015bmienicy&#8221; (powiat radzy\u0144ski)<\/p>\n\n\n\n<p>Wykonanie oznakowania szlak\u00f3w i obiekt\u00f3w zabytkowych w gminie Jastk\u00f3w (powiat lubelski)<\/p>\n\n\n\n<p>Projekt szlak\u00f3w rowerowych na obszarze Lokalnej Grupy Dzia\u0142ania &#8222;Zapiecek&#8221; (powiat radzy\u0144ski)<\/p>\n\n\n\n<p>Koncepcja szlak\u00f3w rowerowych w gminie Niemce<\/p>\n\n\n\n<p><strong>2017:<\/strong><\/p>\n\n\n\n<p>Projekt szlak\u00f3w rowerowych w gminie Jastk\u00f3w<\/p>\n\n\n\n<p>Uzupe\u0142nienie oznakowania szlak\u00f3w rowerowych w gminie Krynice<\/p>\n\n\n\n<p>Projekt i oznakowanie szlak\u00f3w rowerowych \u0142\u0105cz\u0105cych Jan\u00f3w Lubelski z tras\u0105 Green Velo<\/p>\n\n\n\n<p>Projekt szlak\u00f3w rowerowych w gminie Sitno<\/p>\n\n\n\n<p>Odnowienie szlak\u00f3w rowerowych w gminie Kur\u00f3w<\/p>\n\n\n\n<p>Projekt szlaku rowerowego &#8222;Dolin\u0105 Ty\u015bmienicy&#8221; w powiecie radzy\u0144skim<\/p>\n\n\n\n<p>Projekt i oznakowanie nowego przebiegu fragmentu szlaku czarnego w gminie Garb\u00f3w<\/p>\n\n\n\n<p>Projekt &#8222;szlaku Jastrz\u0119biego&#8221; w gminie Na\u0142\u0119cz\u00f3w<\/p>\n\n\n\n<p>Projekt szlak\u00f3w rowerowych w gminie \u0141abunie<\/p>\n\n\n\n<p>Projekt &#8222;szlaku truskawkowego&#8221; w gminie Pu\u0142awy<\/p>\n\n\n\n<p>Koncepcja szlak\u00f3w rowerowych na obszarze Lokalnej Grupy Dzia\u0142ania &#8222;Zapiecek&#8221; (powiat radzy\u0144ski)<\/p>\n\n\n\n<p><strong>2016:<\/strong><\/p>\n\n\n\n<p>Projekt i wykonanie szlak\u00f3w rowerowych w Gminie Krynice (powiat tomaszowski)<\/p>\n\n\n\n<p>Projekt zmiany trasy szlaku rowerowego w Gminie Garb\u00f3w<\/p>\n\n\n\n<p>Kompleksowe odnowienie szlak\u00f3w rowerowych w Lasach Janowskich<\/p>\n\n\n\n<p>Inwentaryzacja szlak\u00f3w w gminach Kur\u00f3w i Pu\u0142awy<\/p>\n\n\n\n<p>Koncepcja szlaku w Gminie Jab\u0142onna (powiat lubelski)<\/p>\n\n\n\n<p>Koncepcja i projekt techniczny szlaku w Gminie Do\u0142hobycz\u00f3w (powiat hrubieszowski)<\/p>\n\n\n\n<p>Korekta przebiegu szlaku &#8222;Dolin\u0105 Kosarzewki&#8221; w gminie Bychawa<\/p>\n\n\n\n<p><strong>2015:<\/strong><\/p>\n\n\n\n<p>Projekt techniczny i oznakowanie szlaku rowerowego Urszulin- Perehod (powiat w\u0142odawski)<\/p>\n\n\n\n<p>Projekt techniczny i oznakowanie szlaku rowerowego &#8222;Malowniczy Wsch\u00f3d&#8221; (powiat che\u0142mski)<\/p>\n\n\n\n<p><strong>2014:<\/strong><\/p>\n\n\n\n<p>Opracowanie koncepcji szlak\u00f3w rowerowych dla gminy Che\u0142m<\/p>\n\n\n\n<p>Oznakowanie szlaku rowerowego, wyposa\u017cenie miejsca wypoczynku oraz wydanie folderu promuj\u0105cego szlaki gminy Wojciech\u00f3w<\/p>\n\n\n\n<p>Odnowienie szlak\u00f3w rowerowych gminy Jastk\u00f3w<\/p>\n\n\n\n<p>Opracowanie koncepcji szlak\u00f3w rowerowych dla gm. Komar\u00f3w- Osada<\/p>\n\n\n\n<p>Opracowanie koncepcji szlak\u00f3w rowerowych dla gm. Sitno<\/p>\n\n\n\n<p>Opracowanie koncepcji szlak\u00f3w rowerowych dla gm. \u0141abunie<\/p>\n\n\n\n<p>Opracowanie koncepcji szlak\u00f3w rowerowych dla gm. Krynice<\/p>\n\n\n\n<p>Projekt i wykonanie szlaku rowerowego Kazimierz Dolny- Janowice<\/p>\n\n\n\n<p>Przegl\u0105d i naprawa szlak\u00f3w rowerowych w gminie Garb\u00f3w<\/p>\n\n\n\n<p>Przegl\u0105d i naprawa szlak\u00f3w rowerowych w gminie Ko\u0144skowola<\/p>\n\n\n\n<p>Wyznakowanie w ramach Szlaku Ziemi \u0141ukowskiej szlak\u00f3w w gminach M. Stoczek \u0141ukowski i Stanin<\/p>\n\n\n\n<p>Projekt szlaku rowerowego w gm. Kazimierz Dolny<\/p>\n\n\n\n<p>Projekt witaczy (znaki E-22) w woj. lubelskim<\/p>\n\n\n\n<p><strong>2013:<\/strong><\/p>\n\n\n\n<p>Koncepcja szlak\u00f3w rowerowych w gminie Wi\u015bniew<\/p>\n\n\n\n<p>Oznakowanie szlaku rowerowego (\u017c\u00f3\u0142tego) w gminie Konopnica<\/p>\n\n\n\n<p>Wydanie folder\u00f3w promuj\u0105cych szlaki dla gmin: Nowodw\u00f3r, Serokomla, Wojcieszk\u00f3w.<\/p>\n\n\n\n<p>Oznakowanie wi\u0119kszo\u015bci tras (gmin) na rowerowym Szlaku Ziemi \u0141ukowskiej<\/p>\n\n\n\n<p>Projekt techniczny Szlaku Frontu Wschodniego I Wojny \u015awiatowej<\/p>\n\n\n\n<p>Koncepcja i projekt szlaku rowerowego w gminie Wojciech\u00f3w (powiat lubelski)<\/p>\n\n\n\n<p>Wykonanie oznakowania (przebieg szlaku+ tablice informacyjne) na samochodowym szlaku renesansu lubelskiego<\/p>\n\n\n\n<p>Projekt sieci szlak\u00f3w pn. Szlak Ziemi \u0141ukowskiej na terenie powiatu ryckiego (gminy: K\u0142oczew i Nowodw\u00f3r) oraz \u0142ukowskiego (gminy: \u0141uk\u00f3w, miasto \u0141uk\u00f3w, Stoczek \u0141ukowski, miasto Stoczek \u0141ukowski, Wola Mys\u0142owska, Stanin, Wojcieszk\u00f3w, Serokomla, Adam\u00f3w, Krzywda, Trzebiesz\u00f3w). Ca\u0142kowita d\u0142ugo\u015b\u0107 szlak\u00f3w: ok. 330 km.<\/p>\n\n\n\n<p><strong>2012:<\/strong><\/p>\n\n\n\n<p>Konsultacje projektu samochodowego szlaku renesansu lubelskiego<\/p>\n\n\n\n<p>Koncepcja sieci Szlaku Ziemi \u0141ukowskiej (LGD &#8222;Razem Ku Lepszej Przysz\u0142o\u015bci&#8221;)<\/p>\n\n\n\n<p>Odnowienie szlak\u00f3w Gminy Konopnica<\/p>\n\n\n\n<p>Odnowienie szlak\u00f3w Gminy Niedrzwica Du\u017ca<\/p>\n\n\n\n<p>Konserwacja szlaku &#8222;Dolin\u0105 Kosarzewki&#8221; i jego przed\u0142u\u017cenie na odcinku Bychawa- Krzczon\u00f3w<\/p>\n\n\n\n<p>Koncepcja szlak\u00f3w rowerowych w Gminie Podedw\u00f3rze<\/p>\n\n\n\n<p>Nadz\u00f3r nad wykonaniem sieci ok. 500 km szlak\u00f3w rowerowych w Powiecie Pu\u0142awskim i okolicach<\/p>\n\n\n\n<p><strong>2011:<\/strong><\/p>\n\n\n\n<p>Wykonane szlaki:<\/p>\n\n\n\n<p>Gmina Borzech\u00f3w<\/p>\n\n\n\n<p>Projekty:<\/p>\n\n\n\n<p>dla gmin: Janowiec, Garb\u00f3w, Kur\u00f3w, Ko\u0144skowola, Markusz\u00f3w (cz. p\u00f3\u0142nocna), Pu\u0142awy Gmina, W\u0105wolnica, Wojciech\u00f3w, \u017byrzyn oraz Lokalnej Grupy Dzia\u0142ania &#8222;Zielony Pier\u015bcie\u0144&#8221; w Na\u0142\u0119czowie (szlaki rowerowe na terenach gmin Kazimierz Dolny i Na\u0142\u0119cz\u00f3w)-o projekcie LGD Zielony Pier\u015bcie\u0144.<\/p>\n\n\n\n<p>Odnowienie:<\/p>\n\n\n\n<p>Niedrzwica Du\u017ca<\/p>\n\n\n\n<p><strong>2010:<\/strong><\/p>\n\n\n\n<p>Wykonane szlaki:<\/p>\n\n\n\n<p>Dolin\u0105 Kosarzewki (Gm. Bychawa, Powiat Lublin)<\/p>\n\n\n\n<p>Projekty:<\/p>\n\n\n\n<p>szlak po Gminie Borzech\u00f3w<\/p>\n\n\n\n<p><strong>2009:<\/strong><\/p>\n\n\n\n<p>Szlaki nowe (projekt i wykonanie):<\/p>\n\n\n\n<p>szlak rowerowy &#8222;w krainie Jana Pocka&#8221; (Gmina Markusz\u00f3w, Powiat Pu\u0142awy)<\/p>\n\n\n\n<p>szlak rowerowy po Gminie Konopnica<\/p>\n\n\n\n<p>szlak rowerowy Lublin- Gmina Niedrzwica Du\u017ca &#8222;Dolin\u0105 N\u0119dznicy&#8221;<\/p>\n\n\n\n<p>Projekty:<\/p>\n\n\n\n<p>szlak rowerowy w Gminie Bychawa &#8222;Dolin\u0105 Kosarzewki&#8221;<\/p>\n\n\n\n<p>szlak po Gminie Niemce (zrealizowano wiosn\u0105 2011)<\/p>\n\n\n\n<p><strong>2008:<\/strong><\/p>\n\n\n\n<p>Szlaki nowe (projekt i wykonanie):<\/p>\n\n\n\n<p>szlak rowerowy &#8222;p\u00f3\u0142nocna p\u0119tla po Gminie Garb\u00f3w&#8221;<\/p>\n\n\n\n<p>szlak rowerowy &#8222;P\u00f3\u0142nocna P\u0119tla po Gminie Jastk\u00f3w&#8221;<\/p>\n\n\n\n<p><strong>2007:<\/strong><\/p>\n\n\n\n<p>Szlaki nowe (projekt i wykonanie):<\/p>\n\n\n\n<p>szlak rowerowy po Gminie Garb\u00f3w<\/p>\n\n\n\n<p>szlak rowerowy po Gminie Jastk\u00f3w<\/p>\n\n\n\n<p>Szlaki odnowione:<\/p>\n\n\n\n<p>szlak pieszy Kock &#8211; Wola Gu\u0142owska &#8211; D\u0119blin<\/p>\n","protected":false},"excerpt":{"rendered":"<p>Wykonane przez nas szlaki turystyczne: 2025: Inwentaryzacja oznakowania szlak\u00f3w rowerowych w gminie Krynice (powiat tomaszowski) Przegl\u0105d oraz odnowienie oznakowania szlak\u00f3w rowerowych w gminie Garb\u00f3w (powiat lubelski) Inwentaryzacja oznakowania turystycznego w gminie Bychawa (powiat lubelski) Przegl\u0105d oraz odnowienie oznakowania szlak\u00f3w rowerowych w gminie \u0141uk\u00f3w (powiat \u0142ukowski) Aktualizacja kosztorys\u00f3w dla Partnerstwa Zielona Brama Roztocza 2024: Oznakowanie szlaku [&hellip;]<\/p>\n","protected":false},"author":1,"featured_media":1196,"parent":0,"menu_order":0,"comment_status":"closed","ping_status":"closed","template":"","meta":{"footnotes":""},"folder":[],"class_list":["post-954","page","type-page","status-publish","has-post-thumbnail","hentry"],"blocksy_meta":[],"yoast_head":"<!-- This site is optimized with the Yoast SEO plugin v27.4 - https:\/\/yoast.com\/product\/yoast-seo-wordpress\/ -->\n<title>Wykonane przez nas szlaki turystyczne<\/title>\n<meta name=\"description\" content=\"Wykonane przez nas szlaki turystyczne (inwentaryzacje i diagnozy, koncepcje szlak\u00f3w, projekty, oznakowanie, promocja)\" \/>\n<meta name=\"robots\" content=\"index, follow, max-snippet:-1, max-image-preview:large, max-video-preview:-1\" \/>\n<link rel=\"canonical\" href=\"https:\/\/www.manufakturaturystyki.pl\/index.php\/doswiadczenie\/\" \/>\n<meta property=\"og:locale\" content=\"pl_PL\" \/>\n<meta property=\"og:type\" content=\"article\" \/>\n<meta property=\"og:title\" content=\"Wykonane przez nas szlaki turystyczne\" \/>\n<meta property=\"og:description\" content=\"Wykonane przez nas szlaki turystyczne (inwentaryzacje i diagnozy, koncepcje szlak\u00f3w, projekty, oznakowanie, promocja)\" \/>\n<meta property=\"og:url\" content=\"https:\/\/www.manufakturaturystyki.pl\/index.php\/doswiadczenie\/\" \/>\n<meta property=\"og:site_name\" content=\"Manufaktura Turystyki\" \/>\n<meta property=\"article:publisher\" content=\"https:\/\/www.facebook.com\/manufakturaturystyki\" \/>\n<meta property=\"article:modified_time\" content=\"2026-01-09T16:31:26+00:00\" \/>\n<meta property=\"og:image\" content=\"https:\/\/www.manufakturaturystyki.pl\/wp-content\/uploads\/2023\/12\/logo_kula_wkwadracie.jpg\" \/>\n\t<meta property=\"og:image:width\" content=\"625\" \/>\n\t<meta property=\"og:image:height\" content=\"625\" \/>\n\t<meta property=\"og:image:type\" content=\"image\/jpeg\" \/>\n<meta name=\"twitter:card\" content=\"summary_large_image\" \/>\n<meta name=\"twitter:label1\" content=\"Szacowany czas czytania\" \/>\n\t<meta name=\"twitter:data1\" content=\"7 minut\" \/>\n<script type=\"application\/ld+json\" class=\"yoast-schema-graph\">{\"@context\":\"https:\\\/\\\/schema.org\",\"@graph\":[{\"@type\":\"WebPage\",\"@id\":\"https:\\\/\\\/www.manufakturaturystyki.pl\\\/index.php\\\/doswiadczenie\\\/\",\"url\":\"https:\\\/\\\/www.manufakturaturystyki.pl\\\/index.php\\\/doswiadczenie\\\/\",\"name\":\"Wykonane przez nas szlaki turystyczne\",\"isPartOf\":{\"@id\":\"https:\\\/\\\/www.manufakturaturystyki.pl\\\/#website\"},\"primaryImageOfPage\":{\"@id\":\"https:\\\/\\\/www.manufakturaturystyki.pl\\\/index.php\\\/doswiadczenie\\\/#primaryimage\"},\"image\":{\"@id\":\"https:\\\/\\\/www.manufakturaturystyki.pl\\\/index.php\\\/doswiadczenie\\\/#primaryimage\"},\"thumbnailUrl\":\"https:\\\/\\\/www.manufakturaturystyki.pl\\\/wp-content\\\/uploads\\\/2023\\\/12\\\/logo_kula_wkwadracie.jpg\",\"datePublished\":\"2023-12-18T08:17:56+00:00\",\"dateModified\":\"2026-01-09T16:31:26+00:00\",\"description\":\"Wykonane przez nas szlaki turystyczne (inwentaryzacje i diagnozy, koncepcje szlak\u00f3w, projekty, oznakowanie, promocja)\",\"breadcrumb\":{\"@id\":\"https:\\\/\\\/www.manufakturaturystyki.pl\\\/index.php\\\/doswiadczenie\\\/#breadcrumb\"},\"inLanguage\":\"pl-PL\",\"potentialAction\":[{\"@type\":\"ReadAction\",\"target\":[\"https:\\\/\\\/www.manufakturaturystyki.pl\\\/index.php\\\/doswiadczenie\\\/\"]}]},{\"@type\":\"ImageObject\",\"inLanguage\":\"pl-PL\",\"@id\":\"https:\\\/\\\/www.manufakturaturystyki.pl\\\/index.php\\\/doswiadczenie\\\/#primaryimage\",\"url\":\"https:\\\/\\\/www.manufakturaturystyki.pl\\\/wp-content\\\/uploads\\\/2023\\\/12\\\/logo_kula_wkwadracie.jpg\",\"contentUrl\":\"https:\\\/\\\/www.manufakturaturystyki.pl\\\/wp-content\\\/uploads\\\/2023\\\/12\\\/logo_kula_wkwadracie.jpg\",\"width\":625,\"height\":625,\"caption\":\"Logo Manufaktura Turystyki\"},{\"@type\":\"BreadcrumbList\",\"@id\":\"https:\\\/\\\/www.manufakturaturystyki.pl\\\/index.php\\\/doswiadczenie\\\/#breadcrumb\",\"itemListElement\":[{\"@type\":\"ListItem\",\"position\":1,\"name\":\"Strona g\u0142\u00f3wna\",\"item\":\"https:\\\/\\\/www.manufakturaturystyki.pl\\\/\"},{\"@type\":\"ListItem\",\"position\":2,\"name\":\"Do\u015bwiadczenie\"}]},{\"@type\":\"WebSite\",\"@id\":\"https:\\\/\\\/www.manufakturaturystyki.pl\\\/#website\",\"url\":\"https:\\\/\\\/www.manufakturaturystyki.pl\\\/\",\"name\":\"Manufaktura Turystyki\",\"description\":\"\",\"publisher\":{\"@id\":\"https:\\\/\\\/www.manufakturaturystyki.pl\\\/#organization\"},\"potentialAction\":[{\"@type\":\"SearchAction\",\"target\":{\"@type\":\"EntryPoint\",\"urlTemplate\":\"https:\\\/\\\/www.manufakturaturystyki.pl\\\/?s={search_term_string}\"},\"query-input\":{\"@type\":\"PropertyValueSpecification\",\"valueRequired\":true,\"valueName\":\"search_term_string\"}}],\"inLanguage\":\"pl-PL\"},{\"@type\":\"Organization\",\"@id\":\"https:\\\/\\\/www.manufakturaturystyki.pl\\\/#organization\",\"name\":\"Manufaktura Turystyki\",\"url\":\"https:\\\/\\\/www.manufakturaturystyki.pl\\\/\",\"logo\":{\"@type\":\"ImageObject\",\"inLanguage\":\"pl-PL\",\"@id\":\"https:\\\/\\\/www.manufakturaturystyki.pl\\\/#\\\/schema\\\/logo\\\/image\\\/\",\"url\":\"https:\\\/\\\/www.manufakturaturystyki.pl\\\/wp-content\\\/uploads\\\/2023\\\/11\\\/logopng.png\",\"contentUrl\":\"https:\\\/\\\/www.manufakturaturystyki.pl\\\/wp-content\\\/uploads\\\/2023\\\/11\\\/logopng.png\",\"width\":763,\"height\":594,\"caption\":\"Manufaktura Turystyki\"},\"image\":{\"@id\":\"https:\\\/\\\/www.manufakturaturystyki.pl\\\/#\\\/schema\\\/logo\\\/image\\\/\"},\"sameAs\":[\"https:\\\/\\\/www.facebook.com\\\/manufakturaturystyki\",\"https:\\\/\\\/www.instagram.com\\\/manufakturaturystyki\\\/\"]}]}<\/script>\n<!-- \/ Yoast SEO plugin. -->","yoast_head_json":{"title":"Wykonane przez nas szlaki turystyczne","description":"Wykonane przez nas szlaki turystyczne (inwentaryzacje i diagnozy, koncepcje szlak\u00f3w, projekty, oznakowanie, promocja)","robots":{"index":"index","follow":"follow","max-snippet":"max-snippet:-1","max-image-preview":"max-image-preview:large","max-video-preview":"max-video-preview:-1"},"canonical":"https:\/\/www.manufakturaturystyki.pl\/index.php\/doswiadczenie\/","og_locale":"pl_PL","og_type":"article","og_title":"Wykonane przez nas szlaki turystyczne","og_description":"Wykonane przez nas szlaki turystyczne (inwentaryzacje i diagnozy, koncepcje szlak\u00f3w, projekty, oznakowanie, promocja)","og_url":"https:\/\/www.manufakturaturystyki.pl\/index.php\/doswiadczenie\/","og_site_name":"Manufaktura Turystyki","article_publisher":"https:\/\/www.facebook.com\/manufakturaturystyki","article_modified_time":"2026-01-09T16:31:26+00:00","og_image":[{"width":625,"height":625,"url":"https:\/\/www.manufakturaturystyki.pl\/wp-content\/uploads\/2023\/12\/logo_kula_wkwadracie.jpg","type":"image\/jpeg"}],"twitter_card":"summary_large_image","twitter_misc":{"Szacowany czas czytania":"7 minut"},"schema":{"@context":"https:\/\/schema.org","@graph":[{"@type":"WebPage","@id":"https:\/\/www.manufakturaturystyki.pl\/index.php\/doswiadczenie\/","url":"https:\/\/www.manufakturaturystyki.pl\/index.php\/doswiadczenie\/","name":"Wykonane przez nas szlaki turystyczne","isPartOf":{"@id":"https:\/\/www.manufakturaturystyki.pl\/#website"},"primaryImageOfPage":{"@id":"https:\/\/www.manufakturaturystyki.pl\/index.php\/doswiadczenie\/#primaryimage"},"image":{"@id":"https:\/\/www.manufakturaturystyki.pl\/index.php\/doswiadczenie\/#primaryimage"},"thumbnailUrl":"https:\/\/www.manufakturaturystyki.pl\/wp-content\/uploads\/2023\/12\/logo_kula_wkwadracie.jpg","datePublished":"2023-12-18T08:17:56+00:00","dateModified":"2026-01-09T16:31:26+00:00","description":"Wykonane przez nas szlaki turystyczne (inwentaryzacje i diagnozy, koncepcje szlak\u00f3w, projekty, oznakowanie, promocja)","breadcrumb":{"@id":"https:\/\/www.manufakturaturystyki.pl\/index.php\/doswiadczenie\/#breadcrumb"},"inLanguage":"pl-PL","potentialAction":[{"@type":"ReadAction","target":["https:\/\/www.manufakturaturystyki.pl\/index.php\/doswiadczenie\/"]}]},{"@type":"ImageObject","inLanguage":"pl-PL","@id":"https:\/\/www.manufakturaturystyki.pl\/index.php\/doswiadczenie\/#primaryimage","url":"https:\/\/www.manufakturaturystyki.pl\/wp-content\/uploads\/2023\/12\/logo_kula_wkwadracie.jpg","contentUrl":"https:\/\/www.manufakturaturystyki.pl\/wp-content\/uploads\/2023\/12\/logo_kula_wkwadracie.jpg","width":625,"height":625,"caption":"Logo Manufaktura Turystyki"},{"@type":"BreadcrumbList","@id":"https:\/\/www.manufakturaturystyki.pl\/index.php\/doswiadczenie\/#breadcrumb","itemListElement":[{"@type":"ListItem","position":1,"name":"Strona g\u0142\u00f3wna","item":"https:\/\/www.manufakturaturystyki.pl\/"},{"@type":"ListItem","position":2,"name":"Do\u015bwiadczenie"}]},{"@type":"WebSite","@id":"https:\/\/www.manufakturaturystyki.pl\/#website","url":"https:\/\/www.manufakturaturystyki.pl\/","name":"Manufaktura Turystyki","description":"","publisher":{"@id":"https:\/\/www.manufakturaturystyki.pl\/#organization"},"potentialAction":[{"@type":"SearchAction","target":{"@type":"EntryPoint","urlTemplate":"https:\/\/www.manufakturaturystyki.pl\/?s={search_term_string}"},"query-input":{"@type":"PropertyValueSpecification","valueRequired":true,"valueName":"search_term_string"}}],"inLanguage":"pl-PL"},{"@type":"Organization","@id":"https:\/\/www.manufakturaturystyki.pl\/#organization","name":"Manufaktura Turystyki","url":"https:\/\/www.manufakturaturystyki.pl\/","logo":{"@type":"ImageObject","inLanguage":"pl-PL","@id":"https:\/\/www.manufakturaturystyki.pl\/#\/schema\/logo\/image\/","url":"https:\/\/www.manufakturaturystyki.pl\/wp-content\/uploads\/2023\/11\/logopng.png","contentUrl":"https:\/\/www.manufakturaturystyki.pl\/wp-content\/uploads\/2023\/11\/logopng.png","width":763,"height":594,"caption":"Manufaktura Turystyki"},"image":{"@id":"https:\/\/www.manufakturaturystyki.pl\/#\/schema\/logo\/image\/"},"sameAs":["https:\/\/www.facebook.com\/manufakturaturystyki","https:\/\/www.instagram.com\/manufakturaturystyki\/"]}]}},"_links":{"self":[{"href":"https:\/\/www.manufakturaturystyki.pl\/index.php\/wp-json\/wp\/v2\/pages\/954","targetHints":{"allow":["GET"]}}],"collection":[{"href":"https:\/\/www.manufakturaturystyki.pl\/index.php\/wp-json\/wp\/v2\/pages"}],"about":[{"href":"https:\/\/www.manufakturaturystyki.pl\/index.php\/wp-json\/wp\/v2\/types\/page"}],"author":[{"embeddable":true,"href":"https:\/\/www.manufakturaturystyki.pl\/index.php\/wp-json\/wp\/v2\/users\/1"}],"replies":[{"embeddable":true,"href":"https:\/\/www.manufakturaturystyki.pl\/index.php\/wp-json\/wp\/v2\/comments?post=954"}],"version-history":[{"count":26,"href":"https:\/\/www.manufakturaturystyki.pl\/index.php\/wp-json\/wp\/v2\/pages\/954\/revisions"}],"predecessor-version":[{"id":2101,"href":"https:\/\/www.manufakturaturystyki.pl\/index.php\/wp-json\/wp\/v2\/pages\/954\/revisions\/2101"}],"wp:featuredmedia":[{"embeddable":true,"href":"https:\/\/www.manufakturaturystyki.pl\/index.php\/wp-json\/wp\/v2\/media\/1196"}],"wp:attachment":[{"href":"https:\/\/www.manufakturaturystyki.pl\/index.php\/wp-json\/wp\/v2\/media?parent=954"}],"wp:term":[{"taxonomy":"folder","embeddable":true,"href":"https:\/\/www.manufakturaturystyki.pl\/index.php\/wp-json\/wp\/v2\/folder?post=954"}],"curies":[{"name":"wp","href":"https:\/\/api.w.org\/{rel}","templated":true}]}}